{"id":1841,"date":"2021-09-06T16:46:19","date_gmt":"2021-09-06T13:46:19","guid":{"rendered":"http:\/\/marelusso.com\/?page_id=1841"},"modified":"2025-11-22T16:02:38","modified_gmt":"2025-11-22T13:02:38","slug":"gizlilikpol","status":"publish","type":"page","link":"https:\/\/marelusso.com\/index.php\/gizlilikpol\/","title":{"rendered":"Gizlilik Politikas\u0131"},"content":{"rendered":"\t\t<div data-elementor-type=\"wp-page\" data-elementor-id=\"1841\" class=\"elementor elementor-1841\">\n\t\t\t\t<div class=\"elementor-element elementor-element-324d5ced e-flex e-con-boxed e-con e-parent\" data-id=\"324d5ced\" data-element_type=\"container\">\n\t\t\t\t\t<div class=\"e-con-inner\">\n\t\t\t\t<div class=\"elementor-element elementor-element-71c04d75 elementor-widget elementor-widget-text-editor\" data-id=\"71c04d75\" data-element_type=\"widget\" data-widget_type=\"text-editor.default\">\n\t\t\t\t<div class=\"elementor-widget-container\">\n\t\t\t\t\t\t\t\t\t\n<p>A\u015fa\u011f\u0131da g\u00f6rm\u00fc\u015f oldu\u011funuz www.marelusso.com i\u00e7in gizlilik politikas\u0131 i\u00e7ermektedir.<br \/>\u2022 Ki\u015fisel ve \u00fcyelik bilgilerinizin di\u011fer \u00fcyelerle payla\u015f\u0131lmayaca\u011f\u0131ndan, sadece www.marelusso.com taraf\u0131ndan,<br \/>m\u00fc\u015fteri profilini ve veritaban\u0131n\u0131 olu\u015fturmak amac\u0131yla kullan\u0131laca\u011f\u0131ndan,<br \/>\u2022 Bir ba\u015fka kullan\u0131c\u0131n\u0131n sizin hesab\u0131n\u0131za ula\u015fmayaca\u011f\u0131ndan ve hesab\u0131n\u0131z\u0131 yaln\u0131zca sizin y\u00f6netece\u011finizden emin olabilirsiniz.<br \/>www.marelusso.com\u2019 da b\u00fct\u00fcn d\u00fcnyada ge\u00e7erli olan en g\u00fcvenli ileti\u015fim protokolleri kullan\u0131lmaktad\u0131r.<br \/>SSL (128 bit \u015fifrelenmi\u015f) g\u00fcvenlik protokol\u00fc sayesinde sitemize verdi\u011finiz kredi kart\u0131 bilgileriniz \u015fifrelenerek bankaya<br \/>g\u00f6nderilir ve bu i\u015flem s\u0131ras\u0131nda bu bilgilere ula\u015f\u0131lmas\u0131 m\u00fcmk\u00fcn de\u011fildir. Kart numaran\u0131z\u0131 kesinlikle kimse g\u00f6remez,<br \/>veritaban\u0131m\u0131zda kesinlikle kay\u0131tl\u0131 tutulamaz.<br \/>\u2022 Bize verdi\u011finiz bilgilerinizin bizde kalaca\u011f\u0131ndan, hi\u00e7bir \u015fekilde reklam ya da tan\u0131t\u0131m amac\u0131yla \u00fc\u00e7\u00fcnc\u00fc \u015fah\u0131slar ile payla\u015f\u0131lmayaca\u011f\u0131ndan ,<br \/>SSL g\u00fcvenlik protokolleri sayesinde, www.marelusso.com ve banka aras\u0131ndaki veri ak\u0131\u015f\u0131 s\u0131ras\u0131nda bilgiler \u015fifrelenerek aktar\u0131lmakta,<br \/>b\u00f6ylelikle, ba\u015fka bir ki\u015finin eline ge\u00e7mesi durumunda bilgilerin kullan\u0131labilmesi \u00f6nlenmektedir. Bu da kart bilgilerinin gizlili\u011fi ve al\u0131\u015fveri\u015fin<br \/>g\u00fcvenli\u011fini sa\u011flanm\u0131\u015f olmaktad\u0131r. Bu sistem sayesinde www.marelusso.com ,sizin kredi kart\u0131 bilgilerinizi g\u00f6remez.<\/p>\n\t\t\t\t\t\t\t\t<\/div>\n\t\t\t\t<\/div>\n\t\t\t\t\t<\/div>\n\t\t\t\t<\/div>\n\t\t\t\t<\/div>\n\t\t","protected":false},"excerpt":{"rendered":"<p>A\u015fa\u011f\u0131da g\u00f6rm\u00fc\u015f oldu\u011funuz www.marelusso.com i\u00e7in gizlilik politikas\u0131 i\u00e7ermektedir.\u2022 Ki\u015fisel ve \u00fcyelik bilgilerinizin di\u011fer \u00fcyelerle payla\u015f\u0131lmayaca\u011f\u0131ndan, sadece www.marelusso.com taraf\u0131ndan,m\u00fc\u015fteri profilini ve veritaban\u0131n\u0131 olu\u015fturmak amac\u0131yla kullan\u0131laca\u011f\u0131ndan,\u2022 Bir ba\u015fka kullan\u0131c\u0131n\u0131n sizin hesab\u0131n\u0131za ula\u015fmayaca\u011f\u0131ndan ve hesab\u0131n\u0131z\u0131 yaln\u0131zca sizin y\u00f6netece\u011finizden emin olabilirsiniz.www.marelusso.com\u2019 da b\u00fct\u00fcn d\u00fcnyada ge\u00e7erli olan en g\u00fcvenli ileti\u015fim protokolleri kullan\u0131lmaktad\u0131r.SSL (128 bit \u015fifrelenmi\u015f) g\u00fcvenlik protokol\u00fc sayesinde sitemize verdi\u011finiz [&hellip;]<\/p>\n","protected":false},"author":1,"featured_media":0,"parent":0,"menu_order":0,"comment_status":"closed","ping_status":"closed","template":"","meta":{"_monsterinsights_skip_tracking":false,"_monsterinsights_sitenote_active":false,"_monsterinsights_sitenote_note":"","_monsterinsights_sitenote_category":0,"footnotes":""},"class_list":["post-1841","page","type-page","status-publish","hentry"],"aioseo_notices":[],"_links":{"self":[{"href":"https:\/\/marelusso.com\/index.php\/wp-json\/wp\/v2\/pages\/1841","targetHints":{"allow":["GET"]}}],"collection":[{"href":"https:\/\/marelusso.com\/index.php\/wp-json\/wp\/v2\/pages"}],"about":[{"href":"https:\/\/marelusso.com\/index.php\/wp-json\/wp\/v2\/types\/page"}],"author":[{"embeddable":true,"href":"https:\/\/marelusso.com\/index.php\/wp-json\/wp\/v2\/users\/1"}],"replies":[{"embeddable":true,"href":"https:\/\/marelusso.com\/index.php\/wp-json\/wp\/v2\/comments?post=1841"}],"version-history":[{"count":4,"href":"https:\/\/marelusso.com\/index.php\/wp-json\/wp\/v2\/pages\/1841\/revisions"}],"predecessor-version":[{"id":5280,"href":"https:\/\/marelusso.com\/index.php\/wp-json\/wp\/v2\/pages\/1841\/revisions\/5280"}],"wp:attachment":[{"href":"https:\/\/marelusso.com\/index.php\/wp-json\/wp\/v2\/media?parent=1841"}],"curies":[{"name":"wp","href":"https:\/\/api.w.org\/{rel}","templated":true}]}}